Suppose -90 = 20*r - 2*r. Determine s(r).
12
Let s(m) be the second derivative of -m**4/12 - 2*m**3/3 + m**2 + m. Let j be s(-4). Let a(f) = f + 2 + 2*f**j + f**3 + 0*f**3 + 0. Give a(-2).
0
Let y(z) = -z. Let o be y(6). Let h(n) = n**2 + 7*n + 7. Determine h(o).
1
Let h(g) be the second derivative of -1/6*g**3 - 1/12*g**4 + 2*g - 5/2*g**2 + 0. Suppose -v + 2*p - 2 = 4*v, -3*p = 2*v - 3. What is h(v)?
-5
Let u(s) be the third derivative of -s**4/12 - s**3/2 - 12*s**2. What is u(-6)?
9
Let y(x) = -x + 1. Suppose w + 6 - 2 = 0. Let g be -1 + w/(-4) + -5. Give y(g).
6
Let y(j) be the second derivative of -j**5/20 - 7*j**4/12 - 5*j**3/6 - 2*j**2 + 4*j. Determine y(-6).
-10
Suppose -4*y - 27 = -5*l - 8, 17 = -2*y + 5*l. Let x(m) = 4*m**3 + 2*m**2 + 2*m + 1. What is x(y)?
-3
Let w(m) be the first derivative of -m**2/2 + 12*m + 1. Let c be -1*((-5 - 3) + -2). Let v = c + -5. Calculate w(v).
7
Let i be -3 + 0 + (-2)/2. Let p be (-10)/(-6)*(i - -1). Let o(j) = 5 - j**2 - 5*j + 3 - 1. Determine o(p).
7
Let w(h) be the third derivative of h**8/6720 - h**7/1260 - h**6/240 + h**5/60 - h**4/6 + 4*h**2. Let l(m) be the second derivative of w(m). Determine l(2).
-4
Let f be 1/1 - (3 + 3). Let d(b) = 4*b + 4*b**2 - b + 8 - b. Let w(p) = p**2 - p + 1. Let i(n) = d(n) - 3*w(n). Determine i(f).
5
Let u(y) = 12 + 5*y**2 - 12*y - 3*y**3 + 8*y**3 + 4*y. Let m(b) = b + 0*b**3 + 5*b**3 - 6*b**3 - 1 + 0. Let j(s) = -6*m(s) - u(s). What is j(5)?
4
Let j(s) = s. Let k be j(0). Suppose -5*u + 1 = -9. Let p(y) = 3 - y**2 + 0*y - 2*y + 2*y**u + y. Calculate p(k).
3
Let v(o) be the first derivative of o**3/3 + 2*o**2 + 6*o - 32. Determine v(-5).
11
Suppose 36 = 4*m + 16. Suppose -5*t + 0 = m. Let w(g) = 0*g**2 - 1 - g**2 + 2. Give w(t).
0
Let v(q) = -q**3 - 6*q**2 - 6*q. Let m be v(-5). Let c be -4*2/(-20)*m. Let j(o) = -2*o**c + 7 + 0*o**3 - 2*o**2 + 6*o - o**3. Calculate j(-5).
2
Suppose 2*v + 2*v = 128. Let m(s) = -14*s + v*s + 1 - 15*s. Determine m(1).
4
Let y(c) = 3*c - 8. Let q(k) = k. Let n(p) = 4*q(p) - y(p). Suppose -2*h + 2 + 8 = 0, 2*h = 2*z + 10. Calculate n(z).
8
Let l(j) = -26*j**3 - 5*j**2 - 2*j - 1. Let y(n) = -53*n**3 - 11*n**2 - 5*n - 2. Let m(z) = -9*l(z) + 4*y(z). Calculate m(1).
22
Let l(d) = 3*d**3 + 1. Let k = -2 - 2. Let p be (-24)/(-16)*k/6. Calculate l(p).
-2
Let u = 11 + -7. Suppose -4*n - 2 - 3 = -f, 0 = -4*n + u*f - 20. Let l(y) = -2*y - 3*y + n*y + 1. Give l(1).
-4
Suppose 4*k - 22 + 10 = 0. Let l(z) be the second derivative of 0 - 3*z + 7/2*z**2 + 5/6*z**k - 1/12*z**4. Calculate l(6).
1
Let k(s) be the second derivative of s**3/3 - 28*s. Give k(2).
4
Let f(p) = -5*p**2 - p + 3. Let q(i) = -9*i**2 - 2*i + 7. Let m(k) = 7*f(k) - 3*q(k). Determine m(-1).
-7
Let b(l) be the third derivative of -l**5/15 - l**4/24 + l**3/3 + 4*l**2. What is b(-2)?
-12
Let o(g) = 3*g - 6. Let b(d) = -11*d + 17. Let q(f) = -2*b(f) - 7*o(f). Give q(-7).
1
Suppose -m = -2*g + 9, -g - m - m = -7. Let j(t) = 2*t + 4*t + 0 + 2 - g*t. Let u be (1 - 0) + -1 + -4. What is j(u)?
-2
Let f(x) = 6 + 2*x**3 - 6*x + x**2 + 5*x**2 - 3*x**3. Let a(j) be the third derivative of -j**4/24 - j**3/2 + 5*j**2. Let q be a(-8). What is f(q)?
1
Let b(a) = 3*a + 3. Suppose -9*z - 6 = -11*z. Give b(z).
12
Let g(v) = -3 + 1 + v - 4. Determine g(0).
-6
Let j(s) = s**2 + 6*s. Let m be j(-7). Let w(y) = -16*y + 6. Let u(g) = -8*g + 3. Let z(l) = m*u(l) - 4*w(l). Give z(2).
13
Let q(h) = 6*h**2 + 3*h - 3. Let s(u) = 17*u**2 + 10*u - 10. Let o(f) = -7*q(f) + 2*s(f). Calculate o(1).
-8
Let d(l) be the second derivative of l**3/6 + l. Calculate d(-3).
-3
Let x = 83 - 81. Let t(b) = b**3 - 3*b**2 + 3*b. Determine t(x).
2
Suppose -3*m = -i - m, 5*m = -2*i. Let j(z) = i + 3 + 3 - 5. Let h(n) = -n**2 - 6*n - 5. Let o(q) = h(q) + 2*j(q). Calculate o(-4).
5
Let y(o) = -2*o + 4 + o - 2 - 4. What is y(-3)?
1
Let p(s) be the second derivative of -s**4/12 + 7*s**3/6 - s**2/2 + 8*s. Calculate p(6).
5
Let u(i) = 2*i + 2. Let l(p) = -p**3 - p**2 + 5*p + 2. Let w be l(-3). Suppose -10 = w*j - 0. What is u(j)?
-2
Let t = 6 - 3. Suppose -3*v = -4*v + 3. Let q(k) = k**2 + v*k - 2*k**2 - 7 + 10. Calculate q(t).
3
Let f(r) be the third derivative of -r**6/120 + r**5/12 + 7*r**4/24 + 13*r**2. Give f(6).
6
Let v(d) be the first derivative of d**3/3 + 3*d**2/2 + 3*d - 10. Calculate v(-4).
7
Let w(q) = -12*q**3 + q**2. Let n be ((-1 - -13)/3)/(-2). Let g be -2*-2*n/(-8). What is w(g)?
-11
Let q(h) = -11 + 2*h + 21 - 6. Calculate q(3).
10
Let o(f) = f**2 - 12*f - 1. Let u be ((-78)/104)/(-2*2/64). Determine o(u).
-1
Let y(i) be the second derivative of -i**5/20 - i**3/6 - 3*i**2 + 18*i. Give y(0).
-6
Let x(b) = -2*b**2 + b + 1. Let y be 3*(5 - 85/15). Determine x(y).
-9
Let d(j) = -j + 3. Let h(y) = 4*y - 11. Let x(q) = -22*d(q) - 6*h(q). Determine x(1).
-2
Let q be 2 + 0/(-4 + 3). Let o be ((-1)/q)/((-5)/10). Let t(h) = 6*h - 1. Let i(j) = -12*j + 2. Let y(g) = -2*i(g) - 5*t(g). Determine y(o).
-5
Let d(k) = -k**2 + k - 1. Suppose -3*o - 10 = 17. Let n be (3/o)/(-1)*9. Calculate d(n).
-7
Let a(d) = -d**2 + 7*d. Let t be a(7). Suppose -4*l + 3*c + c + 12 = t, 2*c = -4*l - 18. Let b(x) = -x**3 + x + 1. Determine b(l).
7
Let i(c) = c + 2. Let v be i(-2). Suppose 5*x + v = 3*h + 11, -4*x + 12 = -4*h. Let j(l) = -6*l - 2*l + 2*l. Determine j(x).
-6
Let m(l) be the first derivative of l**6/120 + l**5/15 - l**4/24 - 2*l**3/3 + 5*l**2/2 + 4. Let n(x) be the second derivative of m(x). What is n(-3)?
8
Suppose -4*t + 16 - 4 = 0. Suppose -8 - 16 = -t*a + 3*r, -5*r = -a + 28. Let n(m) = -m + 2 - 2*m - 2*m**2 - 2*m + m**3. Give n(a).
-4
Let d(x) = -6*x**3 - 2*x + 1. Let h(o) = -2*o - 1. Suppose -2 - 14 = -4*r. Let g(a) = a**3 - 3*a**2 - 4*a - 1. Let m be g(r). Let z be h(m). Determine d(z).
-7
Let s(l) = -l**2 - 2*l - 1. Let n be s(-2). Let p be 2*(n + 9/2). Let b(g) = 5*g - 14. Let o(j) = 3*j - 7. Let x(y) = p*o(y) - 4*b(y). Calculate x(-5).
2
Let l(i) = i. Let s(r) = -8*r + 5 - 1 + 0. Let m(j) = 12*l(j) + s(j). Let g be -7 + 0 + 6 + -2. Give m(g).
-8
Let m(g) be the third derivative of -5/24*g**4 - 2*g**2 - 1/60*g**5 + 0*g**3 + 0 + 0*g. Calculate m(-6).
-6
Let b(a) = 4*a**2 - 3*a - 4. Let y(n) = n + 1. Let x(w) = -b(w) - 2*y(w). Suppose 4*o = q - 3 + 6, 0 = 3*o - 2*q + 4. Give x(o).
-12
Let x(c) = 2*c**3 + c**2 - 3*c - 1. Let i = 2 - 4. Give x(i).
-7
Let s(n) be the first derivative of 1/3*n**3 - 3 + 5*n + 7/2*n**2. Determine s(-6).
-1
Let w(z) = z**3 - 6*z**2 + 5*z + 3. Suppose 2*h - 20 = -2*h. Give w(h).
3
Let j(v) = v**2. Let y be j(0). Let p be (y + 0)/((-4)/2). Let i(t) = -t**2 - 5*t - t + 4 + t + 4*t. Determine i(p).
4
Suppose 5*m = 25, 4*a - 6*a - 4*m + 24 = 0. Let r(s) = -s**3 - s**2 + 2*s - 1. What is r(a)?
-9
Let r(v) = v - 10. Let i be r(5). Let y(x) be the second derivative of x**5/20 + 5*x**4/12 + 3*x**2 - 13*x - 1. Give y(i).
6
Suppose 4*r - 20 = 2*k, 3*k + 2*r = 2*k + 10. Suppose -w + 0 - 4 = k. Let x(i) = i**3 + 4*i**2 - 2*i - 3. Determine x(w).
5
Let i be (-2)/(-2)*(-1 - -1). Let x(y) = i + 4*y - 5*y - 3. Determine x(-4).
1
Let z = 15 + -13. Let f be 35/(-10) - z/4. Let t(v) = 2*v + 7. Let m(r) = -1. Let n(w) = 3*m(w) + t(w). Determine n(f).
-4
Let f be 2/((-2)/(-1))*-3. Let s(j) be the first derivative of j**3/3 + 3*j**2/2 + 3*j - 37. Calculate s(f).
3
Let m(f) = f + 2. Let k(r) = -r**3 + 4*r**2 + 8*r - 5. Let v be k(5). Suppose v - 100 = 3*b. Let i be b/(-5)*2/6. What is m(i)?
4
Suppose t - 2*k + 5 = 0, -4*t + 5*k - 9 = 2. Let h(r) = 3*r + 1. Let q be h(t). Suppose b + 25 = -q*b. Let n(z) = z**2 + 4*z + 4. Determine n(b).
9
Let m(o) = o**3 + 7*o**2 + 4*o - 8. Let u(g) = -g**2 + 13*g - 36. Let t be u(10). What is m(t)?
4
Let f(h) = 4*h**2 + 10*h + 1. Let q(u) = -5*u**2 - 11*u. Suppose 18 = 3*j + l, -2*j + 3*j + 4 = 3*l. Let k(b) = j*q(b) + 6*f(b). What is k(5)?
6
Let t(g) = 2*g - 3. Let y be (-5)/(-2) + (-3)/6. Suppose y*j - 9 = -s, 0*s - 15 = -3*j - 3*s. Suppose 4*q + q = -5*b - 10, -5*b - j*q = 13. What is t(b)?
-13
Let w(t) = -t**2 + t + 1. Let p = -17 + 15. Calculate w(p).
-5
Let i = 78 + -74. Let d(g) = g**2 - 5*g + 1. Calculate d(i).
-3
Suppose i - 10 + 7 = 0. Let u(g) = -3*g - 2. Determine u(i).
-11
Let q be (-4 + 0)*2/4. Let m(d) be the second derivative of 0*d**3 + 0 + 3*d + 1/6*d**4 - 1/2*d**2. Calculate